1/(-170)). Let j = a + -61. What is the remainder when 10 is divided by j?
3
Suppose n + 15 = 3*x, 3*x + 2*n - 48 = -15. Suppose -4*c - 5*j = -370, -5*j = c + 4*c - 460. What is the remainder when c is divided by x?
6
Suppose -2*w = -3*m + 10, -2 = m + 3*w - 9. Suppose -m*c = -4 - 4. What is the remainder when (1/c)/((-3)/(-42)) is divided by 3?
1
Let g(p) = p**2 - 1. Let b(x) = 51*x**2 - 6. Let k(r) = b(r) - 6*g(r). Calculate the remainder when k(1) is divided by (36 + -2 + 2)*2/3.
21
Let r = 31 + -12. Suppose 24 = 3*t - 3*u, 2*t - u = 4*t - r. Calculate the remainder when 0/(-1 - 3) - -26 is divided by t.
8
Let g(w) = 3*w - 13. Let q be g(6). Let k(p) = 5 + q + p - 1. What is the remainder when k(8) is divided by 5?
2
Suppose 29*d - 1461 = 3382. Calculate the remainder when d is divided by 43.
38
Suppose 1964 + 208 = 4*r. Calculate the remainder when r is divided by 39.
36
Let d be (1/4)/(6/(-24)) + 9. Suppose -41*m + d = -40*m. Calculate the remainder when m is divided by 5.
3
Let j = -42 + 45. Suppose 2*m = -j*m + 105. Calculate the remainder when 58 is divided by m.
16
Calculate the remainder when 331 is divided by 1*2 + (-58 - -166).
1
Suppose 2*j - 2 - 2 = 0. Suppose 8 = -j*x + 4*q, -4*x - 2*q = x + 8. What is the remainder when 53 is divided by -3*(112/12)/x?
11
Let x(o) = o**3 + 6*o**2 - o + 7. Let t be 2/(37/66 - 3/6). Let z = t - 20. What is the remainder when x(-5) is divided by z?
11
Suppose 3*t - 2 = 2*n + 2*t, 0 = 2*n - 2*t + 4. Suppose n = -6*o + 9*o - 36. Calculate the remainder when 47 is divided by o.
11
Let s be 1 + (-7 - -4 - (-30 + 2)). Let n = s - 1. What is the remainder when 47 is divided by n?
22
Suppose -6*a + 9*a = 0. Suppose a = -k - o + 4, 0*k - 2*k + 6 = 3*o. Calculate the remainder when 25 is divided by k.
1
Suppose -50*s = -56*s + 10428. What is the remainder when s is divided by 29?
27
Let x = -15 - -17. Suppose -x*w + 5*w = 42. Let z = 36 + -11. Calculate the remainder when z is divided by w.
11
Suppose 2*u + 5*p = 66, 5*u = 31*p - 29*p + 136. Calculate the remainder when 133 is divided by u.
21
Suppose f - 5*f - 72 = 0. Let g = f + 20. Let l(s) = 2*s**3 - 3*s**2 + 2. Calculate the remainder when 10 is divided by l(g).
4
Let t = 167 - 107. Let x be 5*-3 - -4 - 4. Calculate the remainder when t is divided by (0 + (-80)/x)*3.
12
Let h(t) = -7 - 4 + 2 + 1 - 14*t. What is the remainder when h(-7) is divided by 31?
28
Suppose 0*b = 2*u + 3*b - 19, 5*u - b - 73 = 0. Let v(w) = 7*w**3 - 2*w**2 + 1. Let p be v(1). Calculate the remainder when (-4)/p*(-369)/6 is divided by u.
13
Let m be ((-30)/4)/(1/(-20)). What is the remainder when 29 is divided by (4/(-6))/((-10)/m)?
9
Let t(a) = a**2 + 10*a + 12. Let q be t(-10). Suppose 2*b + 2 = q. What is the remainder when 183/b - (-8)/20 is divided by 20?
17
Suppose -2*m = 4*f + 3 - 17, 4*m - 3*f = 83. Suppose -184 = -25*w + m*w. Let g = -38 - -129. Calculate the remainder when g is divided by w.
22
Let t = -7 - -66. What is the remainder when t is divided by 11?
4
Let l = 29 - 29. Suppose l = -4*b + 120 + 36. Calculate the remainder when b is divided by 15.
9
Let a(p) = -p + 1. Let g(m) = -m**2 - 18*m. Let s(u) = 3*a(u) - g(u). Calculate the remainder when s(-16) is divided by 5.
4
Calculate the remainder when -1*5*(0 - 17) is divided by 30.
25
Let s = 174 + -86. Let k = s + -82. Calculate the remainder when ((-17)/(-3))/((-2)/(-6)) is divided by k.
5
Suppose -m + 15 = 5*r - 8, -5*m + 2*r + 7 = 0. Calculate the remainder when 34 is divided by m.
1
Let l = -116 - -163. What is the remainder when l is divided by 38?
9
Suppose 496 = 16*j + 256. Calculate the remainder when j is divided by ((-4)/3)/(3/(-9)).
3
Suppose -1275 = -24*t - t. Calculate the remainder when 99 is divided by t.
48
Suppose -6*z + 4*z + 43 = 3*f, -4*z + 96 = 4*f. Suppose m - z = 9. What is the remainder when m is divided by 8?
6
Suppose 0 = 2*k - 6*k, -5*m - 4*k = 0. Suppose 4*l - 226 - 6 = m. What is the remainder when l is divided by 12?
10
Suppose -l - 11 = -19. Suppose -l = -b + 3*t, 0*t + 16 = 4*t. What is the remainder when b is divided by 11?
9
Suppose -n - 6 + 30 = 0. Calculate the remainder when n is divided by ((-10)/(-6))/(1/(18/3)).
4
Let s(d) = 14*d**2 - 5*d + 9. What is the remainder when s(-3) is divided by 11?
7
Suppose 0 = 17*f - 469 - 551. Calculate the remainder when f is divided by 22.
16
Let w = 269 - 249. Suppose 0 = 2*l + 4*t - 4, -t + 2 = l - 3*t. Suppose -2*v - l*g = -162, -3*v + 4*g = 2*g - 233. What is the remainder when v is divided by w?
19
Suppose 4*l - 4*j - 124 = 0, -2*j + 36 = 5*l - 147. Calculate the remainder when (-10)/l + (316/28 - -1) is divided by 5.
2
Let x = -14 - -25. What is the remainder when ((-3)/9)/((-3)/369) is divided by x?
8
Let l be 2/(-6) - 13914/(-27). Suppose 8*q - 5*z - l = 3*q, -z = 3*q - 305. Calculate the remainder when q is divided by 26.
24
Suppose 5*o = -5*k - 10, -k - 2 = 4*o - 0*o. Let m be 1*(0 - (o + 0)). Suppose 0 = c - m - 11. What is the remainder when 20 is divided by c?
9
Let g = 35 + 130. Calculate the remainder when g/(-42)*-4*(7 + 0) is divided by 14.
12
Let t(p) = p - 2. Let b be t(-6). What is the remainder when (3 - 4/b)*6*1 is divided by 12?
9
Let l be 1 - -2 - 2*(-5)/10. Calculate the remainder when 66 is divided by 3 - l - -3*8.
20
Let g(m) = 22*m + 111. What is the remainder when g(12) is divided by 47?
46
Let b be (10 + -14)/(2/(-12)). Calculate the remainder when b/(-36) - (-52)/6 is divided by 3.
2
Suppose k = -5*x - 24, 4*k + 6*x + 48 = 2*x. Let t be (-4)/6*k/2. Suppose -r = -c + 3, t*c + 4 - 31 = -3*r. Calculate the remainder when 23 is divided by c.
5
Suppose -36 = -3*q - 5*a, 6*q - q = 4*a + 97. Suppose -130 = -q*d + 12*d. Suppose 4*u - 20 = 16. What is the remainder when d is divided by u?
8
Let j = -74 - -302. What is the remainder when j is divided by 46?
44
Let h(j) = j**3 + 5*j**2 - 7*j - 4. Let s be h(-6). Let b(u) = u**3 + 2*u**2 + u - 2. Let q = 31 - 0. Calculate the remainder when q is divided by b(s).
15
Suppose 224 = -x - 3*q, -4*q + 193 = -2*x - 295. Calculate the remainder when 1*3/21 + x/(-14) is divided by 9.
8
Let g be ((-302)/(-8))/(2/8). What is the remainder when g + (-5 - ((-7 - -3) + 2)) is divided by 30?
28
Suppose 2*a - a - 3*y = 72, 4*y = 4*a - 272. What is the remainder when 724 is divided by a?
64
Let z = -650 - -936. Calculate the remainder when z is divided by 32.
30
Suppose -16 = -4*b, -5*g = -2*b + 3*b - 334. Calculate the remainder when 190 is divided by g.
58
Let c(a) = 9*a + a**2 + 0*a + 8*a - a + 6. Calculate the remainder when 27 is divided by c(-16).
3
Let o = 170 + -124. Let g(f) = -f**3 + 9*f**2 - 6*f - 6. Calculate the remainder when o is divided by g(8).
6
Suppose 68 = z - 49. Let b be (-10)/25 - z/(-5). Suppose -2*v + b = -v. What is the remainder when v is divided by 8?
7
Let m = 260 - 342. Suppose 2*f + 432 = -f. Let x = m - f. Calculate the remainder when x is divided by 9.
8
Let a(v) = v**3 + 20*v**2 - 45*v + 26. What is the remainder when 94 is divided by a(-22)?
46
Let o(s) = -s + 39. Let y(b) = -b**2 + 9*b + 1. What is the remainder when o(14) is divided by y(8)?
7
What is the remainder when (-138)/(-7)*(-182)/(-78) is divided by 25?
21
Let m = 24 - 18. Suppose 14*l - 17*l + m = 0. Suppose -3*v - 3*k = l*v - 23, -v = 2*k - 6. Calculate the remainder when 15 is divided by v.
3
Suppose -3 + 11 = 4*i. Suppose -5*z - 91 = -3*k, -33 = -i*k - 3*z + 15. Calculate the remainder when k is divided by 16.
11
Let o = -28 + 22. Let v(z) = -z**2 + 10*z + 14. What is the remainder when v(10) is divided by ((-20)/6)/(4/o)?
4
Calculate the remainder when 89 is divided by (-3)/(3/(-8)) - (282 + -281).
5
Calculate the remainder when 101 is divided by ((-51)/(-6))/17*24.
5
Let b(r) = r**2 + 3*r - 7. Let m(c) = 24*c + 25. What is the remainder when m(3) is divided by b(3)?
9
Suppose -2*g = 2*k - 68, 3*g - 5*g = -3*k - 58. Calculate the remainder when 127 is divided by g.
31
Let s(q) = 2*q + 18. Let x be s(11). Let c = x + -5. Calculate the remainder when c is divided by 142/8 - (-1)/4.
17
Let v = -10 - -17. Calculate the remainder when (-2)/4 + -212*4/(-32) is divided by v.
5
Suppose 3*c = -5*f + 136, 0 = -c - 14*f + 11*f + 48. What is the remainder when c is divided by 31?
11
Let f(g) = g